 2*a = a + y. List the prime factors of w.
47
Let b(l) = -l - 1. Let c be b(-8). Let n(y) = -y**3 + 8*y**2 - 8*y + 3. Let x be n(c). Let g(w) = -w**3 - 3*w**2 - 3*w - 4. List the prime factors of g(x).
2, 3
Let o = -1 + 4. Suppose o = 3*k - 12. Let z = k - -18. List the prime factors of z.
23
Suppose 0 = 51*p - 57*p + 12324. What are the prime factors of p?
2, 13, 79
Suppose 3*n - 58 = c - 413, 720 = 2*c - 4*n. List the prime factors of c.
2, 5, 37
Suppose -17*i - 4 = -19*i. List the prime factors of 1*-35*i/(-5).
2, 7
List the prime factors of (-13)/65 + (-9738)/(-15).
11, 59
Let d(x) = -x**3 - 8*x**2 + 9*x - 2. Let z be d(-8). Let k = z + 103. Let w = 65 - k. What are the prime factors of w?
2, 3
Let t(l) = 5*l**2 + 6*l - 17. Let s be t(2). Suppose 2*y - 136 = -s*y. What are the prime factors of y?
2
Let f(g) = -214*g - 352. What are the prime factors of f(-10)?
2, 3, 149
Suppose 156*c - 23808 = 144*c. What are the prime factors of c?
2, 31
Suppose 0 = x - 5*c - 10, -5*c - 51 = 5*x - 131. Let i be 214/(-10) + 6/x. What are the prime factors of (-24)/14*i/6?
2, 3
Suppose -3*l + 7*l + b - 25 = 0, 2*l + 2*b - 20 = 0. Suppose -3*a + q + 0 = 3, l*a = 5*q - 5. What are the prime factors of 11 + a*(3 + -1)?
3
Let p(n) = -n - 1. Let r(v) = 8*v. Let j(w) = p(w) + r(w). Suppose -4 + 24 = 4*l. List the prime factors of j(l).
2, 17
Let j = -235 + 444. List the prime factors of j.
11, 19
List the prime factors of 3/(-1) + 129 + 4 + -1.
3, 43
Let c = 57 - -24. Let t = c + -53. List the prime factors of t.
2, 7
Let n be 1066/(-12) - 18/108. Let h = 182 + n. List the prime factors of h.
3, 31
Let i = 574 + 1930. List the prime factors of i.
2, 313
Let x be -10 + (4 - 5)*-1. What are the prime factors of (-8380)/(-36) + x/(243/(-6))?
233
Let z(f) be the first derivative of 5*f**4/3 - f**3/3 + f**2/2 - 2*f - 5. Let w(c) be the first derivative of z(c). What are the prime factors of w(1)?
19
Let y(h) = h**2 - 6*h - 22. Let i be y(9). Suppose -i = l + 1. What are the prime factors of l/(-8) - 426/(-8)?
2, 3
Let q = -17 + 25. Suppose 0 = 5*m - 17 - q. Suppose m*n - 137 = 43. List the prime factors of n.
2, 3
Let i = 774 - 481. What are the prime factors of i?
293
Suppose -9417 = -11*k + 14860. List the prime factors of k.
2207
Let v be ((-18)/15)/(3/(-10)). Suppose -v*o - 5*y + 21 = 0, 5*o - 3*y - 10 = 7. Suppose -o*j - 50 = -6*j. List the prime factors of j.
5
Suppose -5*n - 2*m + 494 + 305 = 0, -3*n - 4*m = -471. List the prime factors of n.
7, 23
Let y = 5 + -2. Let m(q) = 1 + 4*q - 11*q + y*q - q. List the prime factors of m(-1).
2, 3
Let c be 5/10 + 3/(-6). Suppose c = -y - 0*y + 123. What are the prime factors of y?
3, 41
Suppose 13 = n + 2*n + 4*v, 5*n = 5*v - 25. Let t be ((-16)/(-4))/(-4) - n. Suppose 2*f - 19 - 33 = t. What are the prime factors of f?
2, 13
Suppose 2*t = q - 3415, 0 = -36*q + 34*q + 2*t + 6836. What are the prime factors of q?
11, 311
Let a be (-1058)/10 - 2/10. Let m = a + 158. Let c = 73 - m. List the prime factors of c.
3, 7
What are the prime factors of (-3 - 3 - -9) + 417?
2, 3, 5, 7
Let a(h) = -h**3 - 2*h**2 - h - 8. Let l be a(-3). What are the prime factors of -4 + 69 + (1 - l)?
2, 31
Let q(c) = c + 14. Suppose 5*u - 4*g = g - 80, -2*u = 5*g - 3. Let p be q(u). What are the prime factors of (-1770)/(-40) + p/4?
3, 5
Suppose -20 = 4*c, -d + 5*c = 6*c - 710. What are the prime factors of d?
5, 11, 13
Suppose 4*z - 62 = -2*i, 2*z - 3*i - 55 + 12 = 0. List the prime factors of z.
17
Let w(x) = 6*x + 24. Let p be w(4). What are the prime factors of (4/(-3))/((-1)/(p*2))?
2
Let p = -990 + 2590. List the prime factors of p.
2, 5
Let d(y) = -y**2 + 3*y - 2. Let w be d(2). Suppose x + 4*b = 131, -3*x + 8*x - 4*b - 775 = w. List the prime factors of x.
151
Let z be (-5)/((-2 + -2)/4). What are the prime factors of (z/10)/(3/282)?
47
Let g = -14 - -16. Suppose -5 = -q + g*q. Let l(n) = n**2 - 4*n - 5. List the prime factors of l(q).
2, 5
Let g be 42/4*4/(-6). Let f = -7 - g. Suppose f*m = -3*m + 72. List the prime factors of m.
2, 3
Suppose d - 2*q - 5 = 3*q, -q = 1. Suppose 2*j = 2*t + 98, d = -3*j + t - 6*t + 131. List the prime factors of j.
47
Let q(w) = -w**3 + 8*w**2 + 5. Let r be q(8). Suppose p = -r*g - 3, 0*p + p - 1 = -3*g. What are the prime factors of (-48)/p*42/(-4)?
2, 3
Let d(s) be the first derivative of s**4/12 + s**3/6 + 8*s**2 + s + 2. Let p(j) be the first derivative of d(j). List the prime factors of p(0).
2
Suppose 8 = 7*c - 6. Suppose 85 + 7 = c*m. List the prime factors of m.
2, 23
Let y(k) = k**3 + 4*k**2 - 3*k - 6. Suppose -6*b + b - 20 = 0. What are the prime factors of y(b)?
2, 3
Suppose n + 0*a = 5*a + 414, 0 = 4*n - 3*a - 1707. Let y = n - 241. What are the prime factors of y?
2, 47
Let t = -180 - -504. Suppose -4*h - h + 405 = 4*o, -4*h = -3*o - t. List the prime factors of h.
3
Let n = -4180 + 9055. List the prime factors of n.
3, 5, 13
Let x be (18/15)/((-9)/(-30)). Let v be (-10)/40 + (-15)/x. Let l = v + 38. What are the prime factors of l?
2, 17
Let v = 3022 + -2259. What are the prime factors of v?
7, 109
List the prime factors of (1 + 3)*(14763/28 - 6).
3, 5, 139
Suppose -r = 3*o - 4465, r - 9 + 8 = 0. List the prime factors of o.
2, 3, 31
Suppose -3456*a + 3464*a = 33064. List the prime factors of a.
4133
Let v(j) = -9*j - 4. Let n be v(7). Let x(i) = -11*i. Let r be x(10). Let s = n - r. What are the prime factors of s?
43
Let m(o) = -107*o + 4. What are the prime factors of m(-2)?
2, 109
Suppose 4 = -4*c + 12. Suppose 0 = 2*t + r - 228, -6*t - c*r + 108 = -5*t. What are the prime factors of t?
2, 29
Let c = -391 + 1450. What are the prime factors of c?
3, 353
Let v = -1748 + 380. What are the prime factors of v/(-45) + 4/(-10)?
2, 3, 5
Let b = -2080 + 3994. List the prime factors of b.
2, 3, 11, 29
Suppose -l + 2313 = 4*p - 7*p, 5*l - 4*p = 11543. List the prime factors of l.
3, 769
What are the prime factors of 21/(-14) + 237/6?
2, 19
Let x(j) = -j**3 + 31*j**2 + 80*j - 6. List the prime factors of x(33).
2, 3, 19
Let r = 4154 - 2063. What are the prime factors of r?
3, 17, 41
Suppose -2*u - 4*p = -5*u + 476, -u + 2*p = -158. Suppose 4*o - 36 - u = 0. What are the prime factors of o?
7
Let a = 1114 + -647. List the prime factors of a.
467
Let h(t) = -t**3 - 6*t**2 - 17*t - 51. What are the prime factors of h(-11)?
3, 13, 19
Let r be (3 - -12)/(12/(-16)). Let g = -8 - r. List the prime factors of g.
2, 3
Let o(z) = -z**2 + 7*z + 9. Let f be o(8). Suppose -k = m - 3, f = m - 3*k - 14. Suppose b + m = 13. What are the prime factors of b?
7
Suppose -17*p + 72 = -23*p. What are the prime factors of 6/(-4)*-3*(-112)/p?
2, 3, 7
Let y be (1 + -2)/((-3)/366). Let z = y + -31. What are the prime factors of z?
7, 13
What are the prime factors of (-3)/(-2)*15/((-315)/(-3262))?
233
Let f(i) = 3*i**3 - 23*i**2 - 23. What are the prime factors of f(10)?
677
Let v be (-18)/14 - 12/(-42). Let l be -9 - -56 - (v + 0). Suppose -5*z + l = 4*w, z - 9 = -4*w + 23. List the prime factors of w.
7
Let o(f) = 3*f - 12. Let i(h) be the first derivative of h**2 + 27*h + 1. Let p be i(-11). List the prime factors of o(p).
3
Let i(o) = 367*o - 95. What are the prime factors of i(5)?
2, 3, 5, 29
Let d = -726 + 1178. List the prime factors of d.
2, 113
Let j(g) = 245*g - 371. What are the prime factors of j(17)?
2, 7, 271
Let z be 2*(2 + (-1)/2). Suppose -3*g + z*k - 6 = 0, -3*g - 2 = -2*k + 3. Let u(h) = -32*h**3 - 2*h - 1. What are the prime factors of u(g)?
3, 11
Let k(n) = -n**2 + 3*n + 35. Let l be k(7). List the prime factors of l/21 + (-26)/6 + 247.
3
Let w = 459 - 6. What are the prime factors of w?
3, 151
Suppose 0 = 5*z - 11 - 14. Let s(i) = i**3 - 6*i**2 + 5*i + 2. Let c be s(z). Suppose c*j = -3*j + 140. List the prime factors of j.
2, 7
Suppose 3117 = 5*k - 4*p, -k + 984 = -2*p + 363. What are the prime factors of k?
5
Let a(q) = -q + 19. Let l be a(16). Let c be l + (-5 + 4)*-2. Suppose -4*g + 2*r + 18 = -0*r, -c*g + r = -21. List the prime factors of g.
2
Suppose 7*j = 3*j - 32. Let u = -9 - j. List the prime factors of (5 + 13)*(2 + u).
2, 3
Let r = 258 + 179. What are the prime factors of r?
19, 23
Let u = 555 - 392. List the prime factors of u.
163
Let f(p) = 2*p**2 + 12*p - 2. Let b be f(-10). Suppose -5*